12 - g**2/2 - 2*g. List the prime factors of m(h).
2
Let n be 31 + 1/(4/(-8)). Suppose -4*f = -4*j - 132, 2*j - n = -f + j. List the prime factors of f.
31
Let g = 5 + 0. Suppose -g*b - 8 = -w, -w - 2*b + 11 = -4*b. List the prime factors of w.
13
Let j(x) = -4*x + 3. Let u(f) = 3*f - 3. Let m(l) = -5*j(l) - 6*u(l). List the prime factors of m(4).
11
What are the prime factors of 2/(-1)*15/(-2)?
3, 5
Let k = -59 + 130. What are the prime factors of k?
71
Let l(m) = 2*m**2 - m + 1. What are the prime factors of l(-3)?
2, 11
Let t(q) = 71*q**2 + 1. Let p be t(1). Suppose -3*v - 2*h + 7*h + 78 = 0, 4*v + 4*h - p = 0. What are the prime factors of v?
3, 7
Let s = 30 - 18. What are the prime factors of s?
2, 3
Let w(z) = 310*z**2 - 8*z - 9. What are the prime factors of w(-1)?
3, 103
What are the prime factors of (-6)/4*-3*(-1022)/(-63)?
73
Suppose -2*p + 4 = -3*o - 3, -4*o + 2 = 3*p. Let r be ((-6)/10)/(p/(-10)). What are the prime factors of r/(-4) + (-70)/(-8)?
2
Let w = 73 + -71. What are the prime factors of w?
2
Let k = 38 - -100. List the prime factors of k.
2, 3, 23
Let p(d) = -d**2 + 11*d - 3. Let z be (27/6)/((-2)/(-4)). What are the prime factors of p(z)?
3, 5
Let d(p) be the first derivative of p**3/3 - p**2/2 + 4*p - 2. Let c be d(0). List the prime factors of (6/c)/((-3)/(-8)).
2
Let s be ((-9)/(-6))/((-3)/(-8)). Suppose s*n + 70 = -78. Let k = -26 - n. List the prime factors of k.
11
Let j be (59 + -2 - -2) + -2. Let a = j - 39. List the prime factors of a.
2, 3
Suppose 4*u = 153 + 71. What are the prime factors of u?
2, 7
Suppose u - 4*w = 37, 0 = 5*u - 5*w + 6*w - 206. List the prime factors of u.
41
Let b(l) = -l**2 - 5*l + 2. Let x be b(-5). Suppose -x*v + 4*a = -84, -282 = -5*v + 4*a - 90. Suppose -10 + v = 2*g. What are the prime factors of g?
13
Let s(n) = 7*n - 2. Let y be s(2). Suppose 4*k - 4 - y = 0. Suppose k*u = 7*u - 39. List the prime factors of u.
13
Let v = -10 - -16. Suppose 4*d - v*d = -70. What are the prime factors of d?
5, 7
Suppose 2*f + 66 = -4*y, 2*y + 27 = -3*f + 4*f. Let a = y + 26. What are the prime factors of a?
11
Let d be 7 - ((-4)/1)/(-4). What are the prime factors of ((-20)/3)/(d/(-18))?
2, 5
Suppose 4*v = m + 44, -4*m + m - 44 = -4*v. Suppose -v = 4*s - 5*s. Let b = 2 + s. What are the prime factors of b?
13
Suppose 0 = 5*d - 275 + 40. List the prime factors of d.
47
Let j(x) be the second derivative of -x**4/12 + 11*x**3/6 + 4*x**2 + x. Let q be j(11). Let k = 17 - q. List the prime factors of k.
3
Let l = -8 + 11. Let m(w) = w**2 - 2*w + 1. List the prime factors of m(l).
2
Suppose -4 = 3*f + 2. List the prime factors of (2 + 5/f)*-20.
2, 5
Let z be (4/3 - -1)*-3. Let i be (-3)/(-6)*-1*-26. Let n = z + i. What are the prime factors of n?
2, 3
Let m = -147 - -221. List the prime factors of m.
2, 37
Let w be (5 + -2)/(1/(-2)). Let k = w - -20. List the prime factors of k.
2, 7
Let k = 17 - 5. What are the prime factors of k?
2, 3
Let b(v) = v**2 + 8*v - 3. What are the prime factors of b(4)?
3, 5
Let x(s) = 8*s. Let b be x(1). Suppose -5*i + 3*a - 13 = 4*a, 0 = 2*i - a + b. List the prime factors of (-1 - -15)/(5 + i).
7
Let o(q) = -q**3 + 12*q**2 - 6*q + 6. What are the prime factors of o(10)?
2, 73
Suppose -d + 2*d - 17 = 0. Let k = d - -4. What are the prime factors of k?
3, 7
Let q(v) = -3*v**3 - 3*v**2 - 4*v. What are the prime factors of q(-3)?
2, 3, 11
Let j(o) = -3*o - 31. List the prime factors of j(-11).
2
Suppose 0 = -2*o - 5*v + 15, -o + 57 = 3*o + v. What are the prime factors of (6/o)/((-1)/(-85))?
2, 17
Let w(u) = 4*u + 6 - u**2 + 2*u**2 - 4 - 5*u + u**3. Suppose 0 = -5*b - 3*y + 4, 3*b + b - 4*y - 16 = 0. What are the prime factors of w(b)?
2, 3
Let h be 0 - (1 + (1 - 2)). Suppose -4*u = -h*u - 20. What are the prime factors of u?
5
List the prime factors of 1*16/(-4) + 179 - -1.
2, 11
Let t(h) = 0 - 5 + h + 2. Let b = 45 + -39. List the prime factors of t(b).
3
What are the prime factors of (-2)/5 - 1096/(-40)?
3
Let f(q) = -q**3 - 11*q**2 - 12*q - 12. Let t be f(-10). List the prime factors of ((-6)/(-4))/1*t.
2, 3
List the prime factors of -1 + 0 + 10/(10/207).
2, 103
Let m(q) = 64*q**2 + 9*q - 3. What are the prime factors of m(2)?
271
Let q be (-43)/3 + 3/9. Let k = 26 + q. What are the prime factors of k?
2, 3
Let i(m) = -m + 3. Let k be i(5). List the prime factors of (-4 + 3)/(1/k).
2
Let f = 4 + -6. What are the prime factors of ((-22)/2)/(f - -1)?
11
Suppose -4*w + 15 = 3*r - 3*w, 0 = -5*w. Suppose 4 + 6 = r*p. List the prime factors of p.
2
Let g be 39/9 - 6/(-9). Suppose -48 = x - g*x. List the prime factors of x.
2, 3
Let h = -7 + 9. Suppose 0 = -0*p + h*p - 4. Suppose d + d = -5*x - p, d = -5*x - 6. What are the prime factors of d?
2
Suppose -5*p - 5*s = -300, -5*p + 279 = 3*s - 5*s. Suppose -4*b + 7*b - p = 0. What are the prime factors of b?
19
Let m = -21 - -35. Suppose 0 = 5*q + m + 31. List the prime factors of -3*(33/q - -3).
2
Let k(g) = -10*g. Let a be k(-4). Suppose -5*h + 10 = a. What are the prime factors of h/((0 - 0) + -1)?
2, 3
Let o(a) = 7 + 2*a**2 - 2*a - a**2 + a. List the prime factors of o(0).
7
Suppose 7*t - 12*t = -15. What are the prime factors of (t + -4 + -4)/(-1)?
5
Let s(q) = -q - 1. Let x be s(-1). Let p be (x - 2) + 1*46. Suppose o = 5*o - p. List the prime factors of o.
11
Suppose 3*c = 13 - 4. Suppose 4*b - 12 = c*m, 4 = 4*b - 5*m - 0. What are the prime factors of (-3)/2*(-20)/b?
5
Let q(v) = -v**3 + 9*v**2 + 22*v - 18. Let j(u) = -u**3 + 9*u**2 + 21*u - 17. Let o(g) = 6*j(g) - 5*q(g). What are the prime factors of o(10)?
2, 3
Let m(s) = s**3 + s**2 + s + 25. What are the prime factors of m(0)?
5
Let q = 39 + -26. Let b = 21 - q. What are the prime factors of b?
2
Let l = -3 - -5. Suppose l*d = d + 22. What are the prime factors of d?
2, 11
Let w(x) = -x**3 + 4*x**2 - x + 2. Let z be w(3). Let s be ((-1)/1)/(4/z). List the prime factors of (-215)/(-45) - s/9.
5
Let n = 68 - 29. List the prime factors of n.
3, 13
Suppose -4*u + 23 + 25 = 0. Let k = -6 + u. What are the prime factors of k?
2, 3
Let s(z) = -2 + 3 + z**2 + 0. Let x be (-12)/3*(7/4 + -2). What are the prime factors of s(x)?
2
Suppose -z - 11 = -4*h, 2*z + 3*z - 5*h + 25 = 0. What are the prime factors of (z/(-2))/((-30)/(-920))?
2, 23
Let s(v) = 9*v**2 + 6*v - 1 - 4*v - v. Let g be 3 - ((-3)/(-1) + -1). List the prime factors of s(g).
3
Let v(j) = j**3 - 5*j**2 - 3*j - 7. Let u be v(6). Let m = u - 7. Suppose -m*n = -3*n - 6. List the prime factors of n.
2, 3
Let b = 9 - -2. Suppose -3*x + 74 = b. List the prime factors of x.
3, 7
Let i(q) = -q**2 + q. Let b(y) = -5*y**2 + 3*y + 1. Let m(c) = b(c) - 4*i(c). Let k be m(-2). Let s = k + 6. List the prime factors of s.
5
Let q(z) = 2*z**3 - 2*z**2 - z - 2. Let r be q(2). Suppose r*v + 31 = 83. What are the prime factors of v?
13
Let j = -171 - -249. List the prime factors of j.
2, 3, 13
Let k(l) = -l**3 + 5*l**2 + 5*l - 1. List the prime factors of k(5).
2, 3
Suppose 12 = 4*m - 84. What are the prime factors of m?
2, 3
Let s(a) = -a**3 - a + 33. Let v be s(0). Suppose -2*b + 0*b = 4*f - 48, b + 5*f - v = 0. List the prime factors of b.
2, 3
Suppose -127*i + 132*i = 275. What are the prime factors of i?
5, 11
Suppose -s = -47 + 2. What are the prime factors of s?
3, 5
Suppose -12 = 4*s - 4*h + 8, -5*h - 38 = 2*s. Let x be (-4)/(-18) - (-380)/s. What are the prime factors of (-2)/(-6)*x/(-2)?
7
Let f(z) = -z + 5. Let w be f(4). Suppose -2*o = 2*m + o - w, m - 13 = o. Suppose -m = -6*x + 2*x. List the prime factors of x.
2
Suppose 4*v - 13*v + 1629 = 0. What are the prime factors of v?
181
Let s(m) = 4 - 5 - m**2 - m + 2 + 1. Let x be s(0). Suppose x*u = -1 + 19. List the prime factors of u.
3
List the prime factors of 12/(-21) + 6358/77.
2, 41
Let o be 2/12*3*8. Suppose 3*u + o = u. What are the prime factors of (-1 + -2)/(u + 1)?
3
List the prime factors of 1/(-1)*(-12 + -44).
2, 7
Let s(r) = -42*r - 3. What are the prime factors of s(-1)?
3, 13
What are the prime factors of (-6349)/(-28) + 3/12?
227
Suppose 2*o - 4*z - 9 + 45 = 0, -4*o - 3*z - 83 = 0. Let u(a) = a**2 - 7*a - 36. Let b be u(0). Let j = o - b. What are the prime factors of j?
2
Let n(f) = 16*f**2 - 11*f**2 - 4*f**2 + 11*f - 3. What are the prime factors of n(-